uppose z = 4*n + 205, 3*z - 2*z - n = 214. Calculate the highest common factor of z and h.
31
Suppose 2*m = 4*s - 366, 2*s + 4*m - 135 = 33. What is the highest common divisor of 10 and s?
10
Suppose -101 - 61 = -6*g. Let y = g - 7. Calculate the greatest common factor of 100 and y.
20
Suppose -5*p = 5*j - 15, -2*p = -4*j - 0*p + 6. Suppose -j*k = -k + m - 32, -5*m = 4*k - 125. What is the greatest common divisor of k and 14?
7
Let n be ((-144)/20)/(12/(-80)). Calculate the greatest common factor of 12 and n.
12
Let h be 2/10 - (-11)/(-5). Let s = h - -8. Let u be ((-3)/s)/((-2)/4). What is the highest common divisor of 11 and u?
1
Suppose -3*x = 4*u - 84, -3*u + 22 = -4*x - 16. Suppose 2*f - 2 = 4, 3*f - 13 = -k. Suppose -k*w + 90 = -u. Calculate the highest common factor of 18 and w.
9
Let z = 0 - -4. Let v(y) = 3*y + 5. Let x be v(z). What is the highest common divisor of 34 and x?
17
Let p be (10/8)/((-1)/4). Let a be (-1)/p - (-747)/15. Calculate the highest common divisor of a and 10.
10
Let o = 9 + -6. Suppose 0 = 2*w + o - 25. Calculate the greatest common factor of 121 and w.
11
Let m be 2/4 + (-245)/(-10). What is the highest common factor of 175 and m?
25
Suppose 5*t - 23 = -3*g, -g - 4*t + 0*t = 4. What is the greatest common factor of 64 and g?
16
Let k be 42 + (2 + -1)*0. Let t = -95 - -162. Suppose 48 = 2*z - 4*o, 2*o = 5*z - t - 13. Calculate the highest common factor of k and z.
14
Let j be 9*(-2)/(-3) + -3. Suppose -2*y = 3*z - 17, 55 = 5*y - j*z - 2*z. What is the greatest common factor of y and 30?
10
Let f = 52 - 166. Let o = f + 214. Calculate the greatest common factor of o and 20.
20
Let l be (-85)/(-10) + 9/6. Let u be l/6*(-12)/(-2). What is the highest common divisor of 90 and u?
10
Let p be (18/(-15))/((-4)/10). Let q be 15 - (p/(-1) - 0). Calculate the highest common factor of q and 12.
6
Let d(f) = -f**3 + 6*f**2 + f + 11. Let a be d(6). Calculate the highest common divisor of 68 and a.
17
Let v = 3 - 13. Let p = v - -15. What is the greatest common factor of p and 5?
5
Let g = -12 + 21. Suppose 0*h = -2*h. Suppose -5*f - 5*d + 158 + 132 = h, 5*d = -f + 74. What is the greatest common factor of f and g?
9
Let f = 4 + 0. What is the greatest common divisor of f and 2?
2
Let d(a) = -a**3 + 7*a**2 + 8*a - 3. Let u be d(8). Let t(i) = i**3 + 5*i**2 + i - 4. Let g be t(u). Calculate the highest common factor of 121 and g.
11
Suppose -5*g = -2*g - 45. Let v(h) = 299*h**2 + h. Let z be v(1). Suppose 4*c + 0*c = z. What is the greatest common factor of c and g?
15
Suppose 10*t - 117 = -3*t. Calculate the highest common divisor of 135 and t.
9
Let b(a) = -a**2 - 5*a - 2. Let f be b(-2). Suppose -f - 6 = -2*p. Let q be 741/21 - (-4)/(-14). Calculate the greatest common factor of q and p.
5
Let i be 68 + 0 + 10 + -13. Calculate the highest common divisor of i and 26.
13
Let j be -7*(600/28)/(-5). What is the highest common factor of 12 and j?
6
Suppose 0 = -2*g + 7*g. Suppose -2*q = 2*m - 8, 2*q + 2*m + m - 8 = g. What is the highest common factor of 1 and q?
1
Suppose -6*b + 2*b = -120. Let p be (-4)/(-14) + (-309)/(-21). Calculate the highest common divisor of b and p.
15
Let u be 16/(-6)*(-6)/4. Suppose 0 = -q + 2*m + 72, -u*q + 5*m = -3*q - 84. Suppose -5*l = -29 - 11. What is the highest common divisor of l and q?
8
Suppose -125 - 3 = -4*x. Let d = 76 + -28. What is the highest common factor of x and d?
16
Suppose 3*v = 2 + 4. Suppose -w + 4 = f - 13, -v*f = -5*w + 1. Calculate the highest common divisor of f and 84.
12
Let m be (-18)/4*12/(-18). Suppose 41 = -m*c + 173. What is the greatest common factor of 4 and c?
4
Let w(q) = q**3 - 5*q**2 - 4*q - 7. Let g be w(6). Suppose 4*u - 21 - 1 = -3*z, 5*z - 58 = 4*u. Let v = z - 5. What is the highest common factor of v and g?
5
Let d = 69 - 47. Let j = -220 - -374. What is the highest common factor of d and j?
22
Suppose -86 = -3*i + 2*i. Calculate the greatest common divisor of 215 and i.
43
Let l(t) = -54*t - 5. Let q be l(-8). Let v = -251 + q. What is the greatest common factor of v and 16?
16
Let z(p) = -p**2 + 16*p + 8. Let c be z(8). Calculate the greatest common factor of c and 18.
18
Let c(u) = -u**3 - 9*u**2 + 10*u + 12. Let v be c(-10). Suppose 0*k = -k + 6. What is the highest common factor of v and k?
6
Let n(o) = 83*o**2 + 1. Let b be n(-1). What is the highest common divisor of b and 24?
12
Suppose -2*u - 108 = -3*u - 2*b, 4*u - 392 = 2*b. Let g(j) = 3*j**2 + 10*j + 17. Let f be g(-4). Calculate the greatest common factor of f and u.
25
Suppose -q = -3, w + 0*w + 3*q = 41. Calculate the greatest common factor of w and 4.
4
Suppose -f = 3*f - 88. Suppose -4*p + 9*p = 10. Suppose -p*c + 0*c + 110 = 0. Calculate the highest common factor of f and c.
11
Let j(r) be the first derivative of 3*r**2/2 - 7*r + 5. Let s be j(11). What is the greatest common factor of 13 and s?
13
Let u(w) = 20*w**2 + 2*w. Let a be u(-2). Suppose 5*t + 170 = 2*z, 2*z + 17 + 5 = -t. Let x = a + t. Calculate the greatest common factor of 4 and x.
4
Let z be (-1)/5 - 644/(-20). Suppose -t + 25 = -3*k, 5*k + z = t + 3. Let f = 49 - t. What is the highest common divisor of 3 and f?
3
Suppose 96 = 5*l - 744. Calculate the greatest common factor of l and 21.
21
Let z(t) = t**3 - 3*t**2 + 3*t - 4. Let a be z(3). Suppose 3*m - 4 = 3*q - 2*m, 0 = -5*q + a*m + 10. Calculate the highest common factor of 7 and q.
7
Let c(y) = -2*y. Let w(n) = -2*n. Let f(x) = -5*c(x) + 6*w(x). Let b be f(-8). What is the highest common divisor of b and 112?
16
Let t(y) = -y**2 - 2*y + 17. Let n be t(-5). Calculate the greatest common factor of n and 6.
2
Let i = 6 + -4. Calculate the highest common factor of 10 and i.
2
Suppose 61 = 2*p - 165. Suppose 2*z + 4*v = 56, -3*z + p = 2*z + v. What is the highest common factor of 242 and z?
22
Let u(w) = 4*w - 10. Let y be u(3). Calculate the greatest common factor of y and 10.
2
Suppose -f = -0*f - 108. Let b = -16 - -28. Calculate the greatest common divisor of f and b.
12
Suppose -3*v = -14 - 67. Let u be (18/3)/(-2) + -27. Let s be (-548)/(-60) + 4/u. Calculate the highest common factor of s and v.
9
Let q(n) = n**3 + 6*n**2 + 2*n + 6. Let m be q(-6). Let y be (122/m)/(4/(-12)). Let o = -40 + y. Calculate the highest common factor of 21 and o.
21
Suppose 0 = -6*x + 99 + 9. What is the greatest common factor of x and 45?
9
Suppose 0*r - r - y = 3, -5*r - 3*y - 17 = 0. Let w = r + 7. Suppose 45 = o - 5*t + 12, -w*o + 29 = -t. What is the highest common divisor of 56 and o?
8
Let n be (-347)/(-5) - 2/5. Suppose -o + 5*r - 6*r + 46 = 0, 3*r = 0. Calculate the highest common divisor of o and n.
23
Suppose 0 = -5*u - 44 - 6. Let i be u/(0 + 4/(-6)). Suppose -2*g + 1 + i = 0. Calculate the greatest common factor of 56 and g.
8
Let i be ((-2443)/(-14))/((-2)/(-4)). Let r = i + -205. What is the highest common divisor of 18 and r?
18
Let i(r) = r**3 + 11*r**2 + 6*r - 8. Let j be i(-10). Let o be (-6 + 18)*j/6. Calculate the highest common factor of 8 and o.
8
Suppose 4*x = 6*x - 4. Suppose 0 = x*o + 12 - 76. What is the highest common divisor of 8 and o?
8
Let k(n) = -2*n**3 + 2*n**2 - 2*n - 2. Let d be k(-2). Calculate the greatest common divisor of d and 26.
26
Let r be (264/(-30))/(18/(-15) + 1). What is the highest common factor of 4 and r?
4
Let y be (-2)/(-2) - (-398 + 14). Calculate the greatest common divisor of y and 35.
35
Let n = -16 + 33. Suppose -4*x = w - 3*w - 272, 4*x + 2*w = 272. What is the highest common divisor of x and n?
17
Let t(l) = -l**3 - l - 3. Let f be t(-3). Suppose 3*q = -0*q + f. What is the greatest common factor of q and 36?
9
Let r = 126 + -81. What is the greatest common divisor of 75 and r?
15
Let y(n) = 12*n - 2. Let f be y(4). What is the highest common factor of f and 23?
23
Let m = 8 - 4. Let z = -3 + m. Let d be -3 - -2*5/1. What is the highest common factor of z and d?
1
Let o be ((-24)/(-4))/((-3)/(-4)). Let q = 10 - 7. Suppose q*t + 3*c = 4*t - o, 0 = -2*t + 2*c + 24. Calculate the greatest common factor of t and 70.
14
Let v be (-102)/(-24) - (-1)/(-4). Suppose 4*k = -4*r + 312, -2*r + v*k + 234 = r. Calculate the highest common divisor of r and 52.
26
Let j = 19 - 7. Let z be 20/j*(-2 + 5). Suppose 0*k - 3*s = -4*k + 37, 5*s =